{"id":536,"date":"2021-03-22T17:05:31","date_gmt":"2021-03-22T16:05:31","guid":{"rendered":"http:\/\/www.shop.yrauma.net\/?page_id=536"},"modified":"2021-03-22T17:05:31","modified_gmt":"2021-03-22T16:05:31","slug":"le-manuel","status":"publish","type":"page","link":"https:\/\/www.shop.yrauma.net\/index.php\/le-manuel\/","title":{"rendered":"Le manuel"},"content":{"rendered":"<p><strong><span style=\"color: #800080;\">Recueil des bonnes pratiques<\/span><\/strong><\/p>\n<p>Le d\u00e9roulement du manuel est le suivant :<\/p>\n<p>Il part du projet de Pension de famille tel que nous la portons \u00e0 la Fondation Abb\u00e9 Pierre en rep\u00e9rant ses caract\u00e9ristiques principales. Puis, nous entrons dans le vif du sujet : diagnostic des besoins et faisabilit\u00e9 ; projet social, projet immobilier et mode de fonctionnement.<\/p>\n<p>Enfin, nous rappelons ce qui nous semble primordial dans cette approche du logement &#8220;durable mais non d\u00e9finitif&#8221;, \u00e0 la fois autonome et familial, destin\u00e9 \u00e0 celles et ceux qui souffrent d&#8217;\u00eatre seuls dans notre soci\u00e9t\u00e9.<\/p>\n<p>En esp\u00e9rant que cet ouvrage vous soit utile dans vos futurs projets.<\/p>\n<img loading=\"lazy\" class=\"size-medium wp-image-539 aligncenter\" src=\"http:\/\/www.shop.yrauma.net\/wp-content\/uploads\/2021\/03\/Couv-ManuelPF-2012-221x300.jpg\" alt=\"\" width=\"221\" height=\"300\" srcset=\"https:\/\/www.shop.yrauma.net\/wp-content\/uploads\/2021\/03\/Couv-ManuelPF-2012-221x300.jpg 221w, https:\/\/www.shop.yrauma.net\/wp-content\/uploads\/2021\/03\/Couv-ManuelPF-2012.jpg 295w\" sizes=\"(max-width: 221px) 100vw, 221px\" \/>\n[aesop_document  type=&#8221;pdf&#8221; src=&#8221;http:\/\/www.shop.yrauma.net\/wp-content\/uploads\/2021\/03\/Manuel-PF-2012.pdf&#8221; title=&#8221;T\u00c9L\u00c9CHARGER &#8221; caption=&#8221;LE MANUEL DES PENSIONS DE FAMILLE&#8221; download=&#8221;on&#8221;]\n","protected":false},"excerpt":{"rendered":"<p>Recueil des bonnes pratiques Le d\u00e9roulement du manuel est le suivant : Il part du projet de Pension de famille tel que nous la portons \u00e0 la Fondation Abb\u00e9 Pierre en rep\u00e9rant ses caract\u00e9ristiques principales. Puis, nous entrons dans le vif du sujet : diagnostic des besoins et faisabilit\u00e9 ; projet social, projet immobilier et [&hellip;]<\/p>\n","protected":false},"author":1,"featured_media":0,"parent":0,"menu_order":0,"comment_status":"closed","ping_status":"closed","template":"","meta":[],"_links":{"self":[{"href":"https:\/\/www.shop.yrauma.net\/index.php\/wp-json\/wp\/v2\/pages\/536"}],"collection":[{"href":"https:\/\/www.shop.yrauma.net\/index.php\/wp-json\/wp\/v2\/pages"}],"about":[{"href":"https:\/\/www.shop.yrauma.net\/index.php\/wp-json\/wp\/v2\/types\/page"}],"author":[{"embeddable":true,"href":"https:\/\/www.shop.yrauma.net\/index.php\/wp-json\/wp\/v2\/users\/1"}],"replies":[{"embeddable":true,"href":"https:\/\/www.shop.yrauma.net\/index.php\/wp-json\/wp\/v2\/comments?post=536"}],"version-history":[{"count":1,"href":"https:\/\/www.shop.yrauma.net\/index.php\/wp-json\/wp\/v2\/pages\/536\/revisions"}],"predecessor-version":[{"id":542,"href":"https:\/\/www.shop.yrauma.net\/index.php\/wp-json\/wp\/v2\/pages\/536\/revisions\/542"}],"wp:attachment":[{"href":"https:\/\/www.shop.yrauma.net\/index.php\/wp-json\/wp\/v2\/media?parent=536"}],"curies":[{"name":"wp","href":"https:\/\/api.w.org\/{rel}","templated":true}]}}