{"id":563,"date":"2021-03-22T17:47:52","date_gmt":"2021-03-22T16:47:52","guid":{"rendered":"http:\/\/www.shop.yrauma.net\/?page_id=563"},"modified":"2021-03-22T18:08:53","modified_gmt":"2021-03-22T17:08:53","slug":"les-agrements","status":"publish","type":"page","link":"https:\/\/www.shop.yrauma.net\/index.php\/les-agrements\/","title":{"rendered":"Les agr\u00e9ments"},"content":{"rendered":"<p><span style=\"color: #ff0000;\"><strong>Le dossier \u00e0 constituer<\/strong><\/span><\/p>\n<p>Comment constituer votre dossier pour obtenir les agr\u00e9ments ? Le choix des agr\u00e9ments et leurs modalit\u00e9s d\u2019obtention.<\/p>\n\n[aesop_document  type=&#8221;pdf&#8221; src=&#8221;http:\/\/www.shop.yrauma.net\/wp-content\/uploads\/2021\/03\/Dossier_constituer_obtention_agrements.pdf&#8221; title=&#8221;T\u00c9L\u00c9CHARGER&#8221; caption=&#8221;T\u00e9l\u00e9charger le dossier \u00e0 constituer&#8221; download=&#8221;on&#8221;]\n<p><span style=\"color: #ff0000;\"><strong>L\u2019obtention des agr\u00e9ments<\/strong><\/span><\/p>\n<p>La pr\u00e9sente circulaire a pour objet la r\u00e9forme du r\u00e9gime des agr\u00e9ments des organismes agissant en faveur du logement et de l\u2019h\u00e9bergement des personnes d\u00e9favoris\u00e9es, elle pr\u00e9cise les modalit\u00e9s d\u2019octroi de ces agr\u00e9ments et apporte des pr\u00e9cisions sur les modalit\u00e9s de contractualisation entre les organismes et les ma\u00eetres d\u2019ouvrage publics.<\/p>\n\n[aesop_document  type=&#8221;pdf&#8221; src=&#8221;http:\/\/www.shop.yrauma.net\/wp-content\/uploads\/2021\/03\/Circulaire_Agrements_06092010.pdf&#8221; title=&#8221;T\u00c9L\u00c9CHARGER&#8221; caption=&#8221;Circulaire du 6 septembre 2010_Agr\u00e9ments&#8221; download=&#8221;on&#8221;]\n\n\n\n[aesop_document  type=&#8221;pdf&#8221; src=&#8221;http:\/\/www.shop.yrauma.net\/wp-content\/uploads\/2021\/03\/Article2_Loi_MOLLEetDecret.pdf&#8221; title=&#8221;T\u00c9L\u00c9CHARGER&#8221; caption=&#8221;Article 2 Loi MOLLE et d\u00e9cret&#8221; download=&#8221;on&#8221;]\n\n","protected":false},"excerpt":{"rendered":"<p>Le dossier \u00e0 constituer Comment constituer votre dossier pour obtenir les agr\u00e9ments ? Le choix des agr\u00e9ments et leurs modalit\u00e9s d\u2019obtention. [aesop_document type=&#8221;pdf&#8221; src=&#8221;http:\/\/www.shop.yrauma.net\/wp-content\/uploads\/2021\/03\/Dossier_constituer_obtention_agrements.pdf&#8221; title=&#8221;T\u00c9L\u00c9CHARGER&#8221; caption=&#8221;T\u00e9l\u00e9charger le dossier \u00e0 constituer&#8221; download=&#8221;on&#8221;] L\u2019obtention des agr\u00e9ments La pr\u00e9sente circulaire a pour objet la r\u00e9forme du r\u00e9gime des agr\u00e9ments des organismes agissant en faveur du logement et de [&hellip;]<\/p>\n","protected":false},"author":1,"featured_media":0,"parent":0,"menu_order":0,"comment_status":"closed","ping_status":"closed","template":"","meta":[],"_links":{"self":[{"href":"https:\/\/www.shop.yrauma.net\/index.php\/wp-json\/wp\/v2\/pages\/563"}],"collection":[{"href":"https:\/\/www.shop.yrauma.net\/index.php\/wp-json\/wp\/v2\/pages"}],"about":[{"href":"https:\/\/www.shop.yrauma.net\/index.php\/wp-json\/wp\/v2\/types\/page"}],"author":[{"embeddable":true,"href":"https:\/\/www.shop.yrauma.net\/index.php\/wp-json\/wp\/v2\/users\/1"}],"replies":[{"embeddable":true,"href":"https:\/\/www.shop.yrauma.net\/index.php\/wp-json\/wp\/v2\/comments?post=563"}],"version-history":[{"count":5,"href":"https:\/\/www.shop.yrauma.net\/index.php\/wp-json\/wp\/v2\/pages\/563\/revisions"}],"predecessor-version":[{"id":573,"href":"https:\/\/www.shop.yrauma.net\/index.php\/wp-json\/wp\/v2\/pages\/563\/revisions\/573"}],"wp:attachment":[{"href":"https:\/\/www.shop.yrauma.net\/index.php\/wp-json\/wp\/v2\/media?parent=563"}],"curies":[{"name":"wp","href":"https:\/\/api.w.org\/{rel}","templated":true}]}}