{"id":578,"date":"2021-03-22T18:11:45","date_gmt":"2021-03-22T17:11:45","guid":{"rendered":"http:\/\/www.shop.yrauma.net\/?page_id=578"},"modified":"2021-03-22T18:19:16","modified_gmt":"2021-03-22T17:19:16","slug":"la-carte","status":"publish","type":"page","link":"https:\/\/www.shop.yrauma.net\/index.php\/la-carte\/","title":{"rendered":"La Carte"},"content":{"rendered":"<p><span style=\"color: #99ccff;\"><strong>La Fondation Abb\u00e9 Pierre et les Pensions de famille<\/strong><\/span><\/p>\n<p>Le soutien de la Fondation Abb\u00e9 Pierre aux Pensions de famille<\/p>\n<p>Le concept des Pensions de famille na\u00eet dans les ann\u00e9es 1990 du constat, que font de nombreux intervenants des dispositifs d\u2019h\u00e9bergement et de r\u00e9insertion, de l\u2019impossibilit\u00e9 qu\u2019ils ont \u00e0 r\u00e9pondre aux besoins de certains publics malgr\u00e9 la diversit\u00e9 des formules propos\u00e9es. Il est en effet difficile de trouver des r\u00e9ponses adapt\u00e9es pour des personnes qui ne supportent pas les contraintes de la vie collective en foyer, ou n\u2019en ayant pas besoin, et qui, cependant, ne sont pas \u00e0 m\u00eame d\u2019assumer compl\u00e8tement la solitude et l\u2019autonomie de la vie dans un logement totalement ind\u00e9pendant. L\u2019id\u00e9e de la Pension de famille appara\u00eet alors comme une possible \u00ab solution \u00bb, pr\u00e9servant l\u2019intimit\u00e9 dans le logement tout en proposant une vie de groupe qui apporte de la convivialit\u00e9.<br \/>\nLes Pensions de famille se sont d\u00e9velopp\u00e9es \u00e0 la suite d\u2019un programme exp\u00e9rimental lanc\u00e9 en 1997 par les minist\u00e8res du Logement et de l\u2019Action sociale. Les enseignements tir\u00e9s de ces exp\u00e9riences tr\u00e8s diverses et les contributions de la Fondation Abb\u00e9 Pierre ont d\u00e9bouch\u00e9 sur la d\u00e9finition du statut administratif de \u00ab maison relais \u00bb en 2002. Depuis, les pouvoirs publics ont encourag\u00e9 la cr\u00e9ation de ces maisons qui participent \u00e0 la mise en \u0153uvre du droit au logement. Consid\u00e9rant que les Pensions de famille constituent une r\u00e9ponse pertinente pour des personnes isol\u00e9es en situation de mal logement et de grande exclusion, la Fondation Abb\u00e9 Pierre soutient directement des projets et les accompagne dans leur d\u00e9veloppement. Elle a \u00e9dit\u00e9 un guide m\u00e9thodologique pour aider \u00e0 la cr\u00e9ation de Pensions de famille, appellation jug\u00e9e plus proche de l\u2019id\u00e9e de logement durable que celle de maison relais. La Fondation a f\u00e9d\u00e9r\u00e9 progressivement, dans son r\u00e9seau, les Pensions qui partagent les valeurs et les principes de la Charte, \u00e9labor\u00e9s collectivement. La Fondation Abb\u00e9 Pierre apporte une aide \u00e0 l\u2019investissement dans le cadre des programmes \u00ab 1500 logements tr\u00e8s sociaux \u00bb et \u00ab 2000 Toits pour 2000 familles \u00bb, pour que le projet architectural se mette au service du projet social, et pour que les op\u00e9rations immobili\u00e8res soient mieux \u00e9quilibr\u00e9es, facilitant ainsi une autonomie de fonctionnement.<br \/>\nElle \u00e9paule les Pensions de famille dans l\u2019\u00e9laboration de leurs projets puis dans la p\u00e9riode de d\u00e9marrage, \u00e0 travers le financement de l\u2019ing\u00e9nierie des projets, une participation \u00e0 l\u2019\u00e9quipement des logements et des espaces collectifs, des subventions de fonctionnement en vue de garantir un accompagnement de qualit\u00e9.<br \/>\nLa Fondation Abb\u00e9 Pierre intervient aupr\u00e8s des porteurs de projet d\u2019une fa\u00e7on plus large que le seul soutien financier par l\u2019appui m\u00e9thodologique aux projets, l\u2019organisation de journ\u00e9es d\u2019\u00e9changes entre les h\u00f4tes, les b\u00e9n\u00e9voles, les r\u00e9sidants et de temps de formation ouverts aux membres du r\u00e9seau, la production de supports de communication\u2026<br \/>\nLa participation de la Fondation Abb\u00e9 Pierre appara\u00eet comme une garantie de la qualit\u00e9 des projets qu\u2019elle soutient et entra\u00eene le plus souvent les autres financements institutionnels.<\/p>\n","protected":false},"excerpt":{"rendered":"<p>La Fondation Abb\u00e9 Pierre et les Pensions de famille Le soutien de la Fondation Abb\u00e9 Pierre aux Pensions de famille Le concept des Pensions de famille na\u00eet dans les ann\u00e9es 1990 du constat, que font de nombreux intervenants des dispositifs d\u2019h\u00e9bergement et de r\u00e9insertion, de l\u2019impossibilit\u00e9 qu\u2019ils ont \u00e0 r\u00e9pondre aux besoins de certains publics [&hellip;]<\/p>\n","protected":false},"author":1,"featured_media":0,"parent":0,"menu_order":0,"comment_status":"closed","ping_status":"closed","template":"","meta":[],"_links":{"self":[{"href":"https:\/\/www.shop.yrauma.net\/index.php\/wp-json\/wp\/v2\/pages\/578"}],"collection":[{"href":"https:\/\/www.shop.yrauma.net\/index.php\/wp-json\/wp\/v2\/pages"}],"about":[{"href":"https:\/\/www.shop.yrauma.net\/index.php\/wp-json\/wp\/v2\/types\/page"}],"author":[{"embeddable":true,"href":"https:\/\/www.shop.yrauma.net\/index.php\/wp-json\/wp\/v2\/users\/1"}],"replies":[{"embeddable":true,"href":"https:\/\/www.shop.yrauma.net\/index.php\/wp-json\/wp\/v2\/comments?post=578"}],"version-history":[{"count":1,"href":"https:\/\/www.shop.yrauma.net\/index.php\/wp-json\/wp\/v2\/pages\/578\/revisions"}],"predecessor-version":[{"id":579,"href":"https:\/\/www.shop.yrauma.net\/index.php\/wp-json\/wp\/v2\/pages\/578\/revisions\/579"}],"wp:attachment":[{"href":"https:\/\/www.shop.yrauma.net\/index.php\/wp-json\/wp\/v2\/media?parent=578"}],"curies":[{"name":"wp","href":"https:\/\/api.w.org\/{rel}","templated":true}]}}